t is the tens digit of 19756?
5
What is the tens digit of 61775?
7
What is the units digit of 4560?
0
What is the tens digit of 1577?
7
What is the units digit of 6833?
3
What is the hundreds digit of 1999?
9
What is the tens digit of 22577?
7
What is the tens digit of 14579?
7
What is the hundreds digit of 9047?
0
What is the units digit of 1763?
3
What is the thousands digit of 2467?
2
What is the tens digit of 15438?
3
What is the tens digit of 23650?
5
What is the tens digit of 20175?
7
What is the units digit of 928?
8
What is the hundreds digit of 1987?
9
What is the tens digit of 5686?
8
What is the thousands digit of 1357?
1
What is the units digit of 3715?
5
What is the thousands digit of 10851?
0
What is the hundreds digit of 6101?
1
What is the tens digit of 31029?
2
What is the units digit of 20513?
3
What is the thousands digit of 4269?
4
What is the hundreds digit of 471?
4
What is the units digit of 2043?
3
What is the tens digit of 866?
6
What is the thousands digit of 3424?
3
What is the units digit of 300?
0
What is the units digit of 14543?
3
What is the thousands digit of 1219?
1
What is the units digit of 993?
3
What is the hundreds digit of 32625?
6
What is the units digit of 5581?
1
What is the thousands digit of 4565?
4
What is the units digit of 9531?
1
What is the hundreds digit of 2466?
4
What is the ten thousands digit of 40294?
4
What is the units digit of 199192?
2
What is the hundreds digit of 24385?
3
What is the thousands digit of 6581?
6
What is the hundreds digit of 1358?
3
What is the units digit of 2596?
6
What is the tens digit of 7578?
7
What is the thousands digit of 1581?
1
What is the tens digit of 5747?
4
What is the thousands digit of 2975?
2
What is the tens digit of 26565?
6
What is the tens digit of 1338?
3
What is the thousands digit of 3103?
3
What is the hundreds digit of 4433?
4
What is the units digit of 64276?
6
What is the hundreds digit of 18174?
1
What is the units digit of 1315?
5
What is the ten thousands digit of 26787?
2
What is the thousands digit of 1362?
1
What is the tens digit of 83243?
4
What is the thousands digit of 17212?
7
What is the hundreds digit of 1614?
6
What is the tens digit of 1712?
1
What is the hundreds digit of 3899?
8
What is the thousands digit of 19150?
9
What is the thousands digit of 6373?
6
What is the thousands digit of 10738?
0
What is the units digit of 779?
9
What is the hundreds digit of 7946?
9
What is the hundreds digit of 47395?
3
What is the units digit of 1999?
9
What is the hundreds digit of 3411?
4
What is the tens digit of 1489?
8
What is the ten thousands digit of 64903?
6
What is the units digit of 428?
8
What is the tens digit of 44211?
1
What is the thousands digit of 39972?
9
What is the tens digit of 65?
6
What is the hundreds digit of 959?
9
What is the hundreds digit of 2735?
7
What is the units digit of 5374?
4
What is the tens digit of 7292?
9
What is the tens digit of 43608?
0
What is the thousands digit of 5042?
5
What is the hundreds digit of 741?
7
What is the tens digit of 1036?
3
What is the hundreds digit of 13071?
0
What is the units digit of 43698?
8
What is the units digit of 64022?
2
What is the hundreds digit of 64352?
3
What is the ten thousands digit of 19472?
1
What is the hundreds digit of 1114?
1
What is the thousands digit of 24232?
4
What is the units digit of 977?
7
What is the hundreds digit of 6117?
1
What is the units digit of 6438?
8
What is the ten thousands digit of 24484?
2
What is the thousands digit of 7062?
7
What is the hundreds digit of 2431?
4
What is the units digit of 6236?
6
What is the hundreds digit of 510?
5
What is the tens digit of 12475?
7
What is the hundreds digit of 1202?
2
What is the hundreds digit of 220?
2
What is the ten thousands digit of 72940?
7
What is the units digit of 6827?
7
What is the units digit of 132?
2
What is the thousands digit of 1506?
1
What is the tens digit of 52438?
3
What is the units digit of 11207?
7
What is the ten thousands digit of 17054?
1
What is the tens digit of 47535?
3
What is the tens digit of 2634?
3
What is the hundreds digit of 24710?
7
What is the thousands digit of 81586?
1
What is the thousands digit of 3475?
3
What is the thousands digit of 4943?
4
What is the units digit of 946?
6
What is the thousands digit of 8481?
8
What is the hundreds digit of 2018?
0
What is the tens digit of 25858?
5
What is the tens digit of 977?
7
What is the tens digit of 521?
2
What is the tens digit of 295?
9
What is the units digit of 17647?
7
What is the thousands digit of 9035?
9
What is the tens digit of 8818?
1
What is the units digit of 2654?
4
What is the tens digit of 48549?
4
What is the thousands digit of 2547?
2
What is the tens digit of 1008?
0
What is the units digit of 1502?
2
What is the hundreds digit of 1433?
4
What is the tens digit of 2815?
1
What is the thousands digit of 7669?
7
What is the tens digit of 45613?
1
What is the ten thousands digit of 14310?
1
What is the thousands digit of 89553?
9
What is the tens digit of 673?
7
What is the tens digit of 1271?
7
What is the tens digit of 57890?
9
What is the tens digit of 670?
7
What is the units digit of 8487?
7
What is the units digit of 1249?
9
What is the ten thousands digit of 15757?
1
What is the ten thousands digit of 143742?
4
What is the ten thousands digit of 65341?
6
What is the thousands digit of 8389?
8
What is the units digit of 2403?
3
What is the tens digit of 265?
6
What is the tens digit of 152190?
9
What is the units digit of 28017?
7
What is the thousands digit of 17433?
7
What is the units digit of 9435?
5
What is the units digit of 6917?
7
What is the thousands digit of 1200?
1
What is the units digit of 69?
9
What is the hundreds digit of 9224?
2
What is the thousands digit of 22615?
2
What is the tens digit of 3379?
7
What is the tens digit of 8312?
1
What is the hundreds digit of 48244?
2
What is the units digit of 10280?
0
What is the hundreds digit of 4770?
7
What is the thousands digit of 20257?
0
What is the hundreds digit of 3658?
6
What is the units digit of 32703?
3
What is the units digit of 1189?
9
What is the tens digit of 19308?
0
What is the units digit of 3502?
2
What is the tens digit of 983?
8
What is the units digit of 479?
9
What is the tens digit of 1145?
4
What is the units digit of 754?
4
What is the thousands digit of 1395?
1
What is the hundreds digit of 47140?
1
What is the hundreds digit of 2106?
1
What is the tens digit of 2064?
6
What is the thousands digit of 57652?
7
What is the units digit of 6542?
2
What is the units digit of 24?
4
What is the units digit of 92?
2
What is the tens digit of 116248?
4
What is the units digit of 328?
8
What is the ten thousands digit of 14026?
1
What is the thousands digit of 18032?
8
What is the ten thousands digit of 26622?
2
What is the units digit of 111585?
5
What is the units digit of 966?
6
What is the units digit of 1038?
8
What is the tens digit of 701?
0
What is the thousands digit of 118841?
8
What is the ten thousands digit of 137010?
3
What is the hundreds digit of 2289?
2
What is the ten thousands digit of 31915?
3
What is the units digit of 2826?
6
What is the ten thousands digit of 14080?
1
What is the thousands digit of 1624?
1
What is the thousands digit of 8378?
8
What is the tens digit of 320?
2
What is the thousands digit of 44659?
4
What is the hundreds digit of 4002?
0
What is the units digit of 3883?
3
What is the thousands digit of 1447?
1
What is the hundreds digit of 63279?
2
What is the hundreds digit of 534?
5
What is the hundreds digit of 17515?
5
What is the thousands digit of 1829?
1
What is the units digit of 2720?
0
What is the ten thousands digit of 20673?
2
What is the thousands digit of 22087?
2
What is the units digit of 462?
2
What is the units digit of 5592?
2
What is the tens digit of 19005?
0
What is the thousands digit of 135106?
5
What is the hundreds digit of 387?
3
What is the ten thousands digit of 27465?
2
What is the tens digit of 10640?
4
What is the units digit of 1123?
3
What is the tens digit of 4900?
0
What is the tens digit of 74402?
0
What is the units digit of 6675?
5
What is the units digit of 9901?
1
What is the ten thousands digit of 22246?
2
What 